079.
13
What is the highest common divisor of 30397669 and 103?
103
Calculate the highest common divisor of 25 and 1154903.
1
What is the greatest common divisor of 132 and 39110874?
66
What is the highest common divisor of 25944 and 9798?
138
Calculate the greatest common factor of 39875 and 34133.
319
Calculate the greatest common divisor of 393642 and 23211066.
6906
What is the highest common divisor of 81379465 and 185?
185
What is the greatest common factor of 1182 and 24927789?
591
What is the greatest common factor of 59752500 and 31620?
1860
Calculate the highest common factor of 59958 and 61515.
9
Calculate the highest common factor of 34321 and 119.
7
What is the greatest common factor of 558 and 27558?
18
What is the highest common factor of 95 and 1344396110?
95
What is the greatest common factor of 721 and 5343125?
103
What is the greatest common factor of 263608905 and 735?
105
Calculate the greatest common divisor of 67320 and 2345184.
1224
What is the greatest common factor of 6325 and 992200?
275
What is the greatest common divisor of 135953 and 80937?
529
Calculate the highest common factor of 111539606 and 356.
178
Calculate the greatest common divisor of 60389 and 7.
7
What is the greatest common divisor of 160813212 and 4?
4
Calculate the highest common divisor of 534165 and 240.
15
What is the greatest common factor of 2964 and 3195819?
57
What is the highest common factor of 167762881 and 2834?
1417
What is the greatest common factor of 224196 and 7168934?
5338
What is the greatest common divisor of 3753418 and 15376?
62
What is the highest common factor of 846 and 1524163?
47
Calculate the highest common divisor of 10767 and 362193.
111
What is the highest common factor of 72321795 and 39?
39
Calculate the greatest common factor of 31021498 and 34.
34
What is the greatest common divisor of 761716410 and 42?
42
What is the highest common divisor of 63609808 and 4144?
592
What is the greatest common factor of 2820 and 340276710?
1410
Calculate the greatest common factor of 21490 and 1125155.
1535
What is the greatest common divisor of 6763608 and 1062?
18
Calculate the highest common factor of 68231 and 2852496.
2201
What is the highest common factor of 10128 and 131833644?
2532
What is the highest common divisor of 13015485 and 3780?
945
What is the greatest common divisor of 509353 and 13?
13
What is the greatest common divisor of 10656340 and 175740?
580
Calculate the greatest common divisor of 117907 and 2789965.
751
Calculate the highest common factor of 354040 and 2090744.
424
Calculate the highest common divisor of 19 and 437112233.
19
Calculate the highest common divisor of 1152 and 4105530.
18
What is the greatest common factor of 855414 and 4662?
126
Calculate the highest common factor of 108188 and 70448.
2516
What is the highest common divisor of 270 and 330941745?
45
What is the highest common divisor of 7090 and 277460?
10
Calculate the highest common factor of 483833121 and 213.
213
Calculate the greatest common factor of 1653724 and 39178.
2062
What is the highest common divisor of 4 and 4361698?
2
What is the highest common divisor of 1090 and 4112134?
218
Calculate the highest common factor of 232334767 and 119.
119
Calculate the greatest common divisor of 1343952 and 1746.
18
Calculate the highest common factor of 1901908 and 19.
1
Calculate the greatest common factor of 87 and 7533681.
3
Calculate the highest common divisor of 37663 and 3.
1
What is the highest common divisor of 53676 and 1872444?
84
What is the highest common factor of 247868374 and 806?
806
What is the highest common factor of 780099 and 235812?
1371
Calculate the highest common factor of 3372767 and 611.
47
What is the highest common factor of 450401932 and 7237?
7237
What is the highest common factor of 2210 and 20293546?
442
Calculate the highest common factor of 8416505 and 2608.
163
What is the greatest common divisor of 17853 and 609166?
541
What is the greatest common factor of 24 and 2730280?
8
What is the greatest common divisor of 139821048 and 63?
9
Calculate the highest common factor of 157518 and 6012.
18
What is the greatest common divisor of 12121 and 1087371?
391
What is the highest common factor of 1696 and 27037526?
106
What is the highest common factor of 65247 and 161252?
91
What is the greatest common divisor of 8107 and 4222425559?
8107
Calculate the greatest common factor of 3453866160 and 120.
120
What is the greatest common factor of 517 and 4498699?
47
What is the greatest common divisor of 7 and 8480248?
7
Calculate the highest common divisor of 149 and 113685361.
149
Calculate the highest common factor of 130923 and 381.
3
Calculate the highest common factor of 25 and 181049585.
5
Calculate the greatest common divisor of 515 and 1825202745.
515
Calculate the greatest common factor of 22 and 31179093.
11
Calculate the highest common divisor of 74172 and 427770.
42
What is the greatest common factor of 16622277 and 87567?
5151
What is the highest common factor of 141400 and 27384?
56
What is the highest common divisor of 1674 and 21347964?
558
Calculate the highest common divisor of 14364 and 172219572.
4788
What is the greatest common factor of 185 and 56225903?
37
What is the greatest common factor of 85200956 and 65018?
3422
What is the highest common factor of 6502233 and 1467?
489
What is the highest common factor of 146 and 84527503?
73
Calculate the highest common divisor of 121450746 and 744.
186
Calculate the greatest common divisor of 571220 and 457990.
1690
What is the greatest common factor of 192951 and 63657?
99
What is the greatest common divisor of 780138 and 1917?
27
Calculate the highest common divisor of 3693439652 and 119.
119
What is the greatest common factor of 10400 and 31030?
10
What is the greatest common factor of 16156024 and 1328?
8
Calculate the greatest common factor of 3451 and 23051201.
493
Calculate the highest common factor of 15641340 and 155012.
572
Calculate the highest common factor of 39050 and 456555.
55
What is the greatest common factor of 266759272 and 78?
26
Calculate the highest common factor of 80104 and 12308.
68
What is the greatest common factor of 8101370 and 1480?
10
Calculate the highest common divisor of 7352 and 598972954.
1838
Calculate the greatest common factor of 18 and 93634.
2
What is the highest common factor of 23200 and 78425?
25
Calculate the highest common divisor of 1344 and 354984672.
672
Calculate the highest common factor of 70 and 106220450.
70
Calculate the greatest common factor of 44628275 and 425.
25
Calculate the highest common divisor of 128 and 15778496.
64
What is the highest common factor of 2581 and 471255?
89
What is the greatest common factor of 864220 and 145?
5
Calculate the greatest common divisor of 294285 and 2663919.
2559
What is the greatest common divisor of 1334234 and 704?
22
What is the greatest common divisor of 27260 and 294455705?
6815
What is the greatest common divisor of 2330768 and 8118?
902
Calculate the highest common factor of 1222 and 4009006.
94
Calculate the greatest common factor of 99069872 and 48.
16
What is the highest common divisor of 4645632 and 22264?
184
What is the highest common factor of 4198 and 1539068661?
2099
Calculate the greatest common factor of 29205934 and 3014.
274
Calculate the greatest common factor of 211549 and 19968.
13
What is the highest common divisor of 31464 and 130458024?
1656
What is the greatest common divisor of 7790598 and 918?
18
Calculate the greatest common divisor of 55104 and 15206982.
1722
What is the highest common factor of 1858598240 and 1520?
1520
What is the greatest common divisor of 2617560 and 84480?
1320
Calculate the greatest common divisor of 130925 and 7525.
25
Calculate the greatest common factor of 4284 and 20144628.
252
Calculate the highest common divisor of 157466126 and 4.
2
Calculate the greatest common factor of 758 and 19513573.
379
Calculate the greatest common factor of 51049471 and 8041.
473
What is the highest common divisor of 363448 and 49594?
362
What is the greatest common divisor of 13857771 and 11669?
1667
Calculate the highest common factor of 561746 and 1030077.
157
Calculate the greatest common divisor of 16742061 and 357.